
-4432
In base 5, what is -41244444 + 24?
-41244420
In base 13, what is -ab233 - b8?
-ab31b
In base 9, what is 1407541465 - 2?
1407541463
In base 9, what is 402 - -147763?
148265
In base 2, what is 100100001 - -1110111011000?
1111011111001
In base 7, what is -1453 + 3530614?
3526131
In base 2, what is 100101 + -10010010010111111101?
-10010010010111011000
In base 12, what is 3814 - b92b?
-8117
In base 14, what is 10ddc6 - -3?
10ddc9
In base 15, what is 5 + -1d257d?
-1d2578
In base 15, what is 3b - -186892?
1868cd
In base 14, what is -120d3 - -39a?
-11b37
In base 3, what is -2101202120 + -22001?
-2102001121
In base 14, what is -1604 + -166?
-176a
In base 16, what is -eca76 + -f0?
-ecb66
In base 11, what is -aa4a3a + -39?
-aa4a78
In base 16, what is 1d5 - 259?
-84
In base 4, what is -11 - 13103100?
-13103111
In base 15, what is 6 - -312ae91?
312ae97
In base 3, what is -21100020222 + -11002210?
-21111100202
In base 11, what is -187 - -860a?
8433
In base 15, what is -474 - 36?
-4aa
In base 4, what is 3232021113 - 222?
3232020231
In base 4, what is 11321222223 - 10?
11321222213
In base 2, what is -100110001010 + 10110100100?
-1111100110
In base 7, what is 5 - 1123166203?
-1123166165
In base 6, what is -5 - -5110344350?
5110344341
In base 9, what is 1 + 3040330?
3040331
In base 10, what is -22989751 + -2?
-22989753
In base 15, what is a46 - 24e1?
-199a
In base 14, what is -2 - -16a0d8?
16a0d6
In base 3, what is 1020011101222121122 - -12?
1020011101222121211
In base 16, what is -1 + fa1823d?
fa1823c
In base 2, what is -10 + 101110111011010110101101011?
101110111011010110101101001
In base 2, what is -1000100000001 - 10110111011101?
-11111011011110
In base 9, what is -7125682 + -10?
-7125702
In base 16, what is 5e1 - -1a0?
781
In base 6, what is -15441 - 125315?
-145200
In base 16, what is 10a6e1 - -44?
10a725
In base 3, what is 2221111210212 - -212?
2221111211201
In base 4, what is 20 + 201030232321?
201030233001
In base 8, what is 3 + 3035556?
3035561
In base 7, what is -14015 - 43260?
-60305
In base 3, what is 0 - -1122202122200?
1122202122200
In base 15, what is 4 - -37b68e?
37b693
In base 15, what is 383 - 275b3?
-27230
In base 2, what is -101011011001 + -11001000001100000?
-11001101100111001
In base 7, what is 2 - 1240554246?
-1240554244
In base 8, what is -40033012 + 15?
-40032775
In base 2, what is 11100 - -11000011010100011101001?
11000011010100100000101
In base 11, what is -23 - -2470693?
2470670
In base 3, what is 12022121 - -101100212100?
101120011221
In base 11, what is -2a3 + 49aa84?
49a791
In base 4, what is -120213 - -10033130?
3312311
In base 10, what is -422243 - -3?
-422240
In base 8, what is 10 + 72606540?
72606550
In base 12, what is 4ba11 - 618?
4b3b5
In base 7, what is 45615650 - -30?
45616010
In base 15, what is -95a7a + 19?
-95a61
In base 9, what is -3367 + -3123?
-6501
In base 13, what is 0 + -3851c81?
-3851c81
In base 7, what is -120 + 15564?
15444
In base 4, what is -2 - -21203113002?
21203113000
In base 6, what is 20231014152 + 1?
20231014153
In base 2, what is -10 + -10111111000001100110011?
-10111111000001100110101
In base 12, what is 504 + -3382a3?
-33799b
In base 15, what is 35e - 3b4a?
-37db
In base 4, what is 22001111232 - 3?
22001111223
In base 14, what is -d91 + 1b375?
1a3c4
In base 8, what is 7 + 3561267?
3561276
In base 13, what is 178b6 + b775?
2635b
In base 11, what is 3091647 + 2?
3091649
In base 4, what is 1133 - 300112?
-232313
In base 14, what is -1 - -1962206?
1962205
In base 13, what is 185b5 - -6aa?
18c92
In base 10, what is -54 - 90765?
-90819
In base 13, what is -25 + 712cb0?
712c88
In base 15, what is -2 + -8de40e6?
-8de40e8
In base 3, what is -10010 - 10100121102?
-10100201112
In base 9, what is 6 + 887401?
887407
In base 3, what is 12220021022 + 12022?
12220110121
In base 13, what is -29 - 4ccc7?
-50023
In base 8, what is 6 + -2776605?
-2776577
In base 8, what is -463353 + 11?
-463342
In base 2, what is -1010110000 + 10101001111111?
10011111001111
In base 8, what is 117 - -7331?
7450
In base 8, what is 100 - 20376070?
-20375770
In base 11, what is -29a4539 - 6?
-29a4544
In base 16, what is 8c514a6 - -3?
8c514a9
In base 2, what is -10010000100001000101100 - 1001001?
-10010000100001001110101
In base 12, what is 36142067 - -3?
3614206a
In base 3, what is -2 + 1212222110100?
1212222110021
In base 9, what is -27177774 - 1?
-27177775
In base 11, what is -3 - -178395?
178392
In base 5, what is 0 + -123130433344?
-123130433344
In base 14, what is 15 - -314815?
31482a
In base 12, what is 4 + 8b977?
8b97b
In base 4, what is 21120320 + 1120?
21122100
In base 8, what is 145473 - 1014?
144457
In base 12, what is 19a8 - -21a?
2006
In base 7, what is -1324336 - -5464?
-1315542
In base 4, what is 322320330001 + -3?
322320323332
In base 13, what is 6072 + -872?
5500
In base 2, what is -1001110 - 1010110100010111000?
-1010110100100000110
In base 14, what is -37309 - -33?
-372b6
In base 10, what is 18 + -32660?
-32642
In base 6, what is 53441234 + -1?
53441233
In base 4, what is 20221020 - -2123?
20223203
In base 12, what is 9 + -874797?
-87478a
In base 10, what is -22941843 + -9?
-22941852
In base 10, what is -24895 - 3006?
-27901
In base 7, what is 130 - 11042026?
-11041566
In base 13, what is 74b + -46578?
-45b2a
In base 6, what is 3232345 - -2044?
3234433
In base 6, what is 3112305 - -1230?
3113535
In base 15, what is -225 - -68e?
469
In base 6, what is -220 + -304530450?
-304531110
In base 7, what is -3331622 - 463?
-3332415
In base 13, what is 5 + -9ca4ca6?
-9ca4ca1
In base 9, what is 4 + 34151220?
34151224
In base 8, what is -301746575 - 4?
-301746601
In base 5, what is 3022 - 14431321?
-14423244
In base 5, what is -10 - -31330042111?
31330042101
In base 4, what is 1031 + 13231330110?
13231331201
In base 2, what is 11011111001100101101010 - 11010?
11011111001100101010000
In base 15, what is 5b4a41 + -8b?
5b49a5
In base 14, what is a82a55cb + -1?
a82a55ca
In base 5, what is -121 + -2130314?
-2130440
In base 11, what is 0 + 97a0a2?
97a0a2
In base 15, what is 5 + 21aac2?
21aac7
In base 7, what is -5 + 143304332?
143304324
In base 12, what is -93455 - 1b1?
-93646
In base 11, what is 2 - 10aa3669?
-10aa3667
In base 15, what is be83 + -838?
b64a
In base 3, what is -10 - -20012021221102?
20012021221022
In base 6, what is 223332 + 200?
223532
In base 14, what is -14669d + -76?
-146735
In base 6, what is 2 - -30322244345?
30322244351
In base 9, what is -74123326 - 14?
-74123341
In base 10, what is -16467 + 18668?
2201
In base 15, what is da5a - cbb?
cc8e
In base 13, what is 0 + -1870bb6?
-1870bb6
In base 9, what is -1154832 + 1370?
-1153452
In base 8, what is -3 + -2412101?
-2412104
In base 10, what is -8482 + -2944?
-11426
In base 5, what is 22031 - -4432340?
10004421
In base 16, what is 3a - a5008?
-a4fce
In base 11, what is 101067 - -273?
10132a
In base 12, what is -20 + -9a79a6?
-9a7a06
In base 6, what is -1 + 2021003105?
2021003104
In base 2, what is 1 + 101000000111000101110?
101000000111000101111
In base 11, what is 55122928 - 2?
55122926
In base 6, what is -330 - -14542212?
14541442
In base 12, what is 209586b + -7?
2095864
In base 13, what is 1a4c89a + 6?
1a4c8a3
In base 6, what is 32134 + -1440343?
-1404205
In base 16, what is 14ff8a - -1d?
14ffa7
In base 16, what is -248db - 3e?
-24919
In base 14, what is 5 + 7986d2?
7986d7
In base 10, what is -184 - 36136?
-36320
In base 10, what is -12 + 5722544?
5722532
In base 9, what is -6 - -118735201?
118735184
In base 16, what is 8c + 163c5?
16451
In base 11, what is -574a4 + 3764?
-53840
In base 14, what is -26a0 + -dc94?
-12554
In base 16, what is 5e55c - 0?
5e55c
In base 11, what is -12a05 - -3154?
-a861
In base 12, what is 826620 - -8?
826628
In base 8, what is 47 + -757?
-710
In base 4, what is -12 - -331103131013?
331103131001
In base 12, what is -4 - 170a419?
-170a421
In base 14, what is 2 + -34dd51?
-34dd4d
In base 3, what is -110011222102102210 + 10?
-110011222102102200
In base 6, what is -1313231 - 151?
-1313422
In base 3, what is -221111111020 + 12120?
-221111021200
In base 3, what is 22110121010210 + 211?
22110121011121
In base 5, what is -10412104104 + -2?
-10412104111
In base 13, what is -885c2 + -1095?
-89687
In base 12, what is 4b2 + 1aa2?
2394
In b